 4, v*i - c + 8 = 0. Let g(f) = f**2 - 2*f - 1. Give g(i).
23
Let t = -40 + 58. Suppose 0 = -5*l + 13 - t. Let i(b) = -3*b**2 - b. Calculate i(l).
-2
Suppose -119*i + 10 = -114*i. Let y(r) = 2*r - 78 - r**i + 5*r + 82. Calculate y(7).
4
Let b(x) be the third derivative of 0 - 12*x**2 + 0*x**5 + 0*x**3 + 1/24*x**4 + 0*x - 1/10*x**6. Determine b(1).
-11
Let n(v) = 17*v + v**2 - 14*v - 2*v**2 + 2*v**2 - 2. Let c(b) = -b**2 - 5*b + 3. Let q be c(-6). Calculate n(q).
-2
Let j(s) = -2*s**2 - 7*s - 6. Let c be 75/10*4/6. Suppose -2*t + c*t = -4*u + 29, 3*u + 5*t = 30. Suppose -15 = 5*b, 3*d - u*b = -2*d - 5. What is j(d)?
-10
Let c(q) = 9*q**2 - 2*q - 2. Let u = 171 + -172. Calculate c(u).
9
Let z(n) = 0*n - 4 + 7*n**3 - 6*n**3 - 2*n**3 + n**2 - 2*n. Calculate z(3).
-28
Let j(c) = -3*c**2 - 16*c - 28. Let v(t) = t**2 + 5*t + 9. Let b(m) = -3*j(m) - 8*v(m). Give b(-5).
-3
Let k(j) = -2*j**2 - 47*j - 33. Let f be k(-23). Let l(r) = -r**2 - 11*r - 5. What is l(f)?
5
Let v(t) be the third derivative of -t**6/120 - t**5/12 + t**4/24 - t**3/3 + 2*t**2 - 10. What is v(-6)?
28
Let v(q) = 1 + q**2 + 5*q - 3*q - 5. Let w be (-366)/(-42) + 4/14. Suppose -w*r - 17 = 19. Give v(r).
4
Let g(h) = -h**2 + 7 - 1 - 7*h + 3. Let i be 168/196*(-21)/2. What is g(i)?
-9
Let i be (-5)/(15/8)*3. Let g(n) = n**3 + 9*n**2 + 8*n + 3. Let o be g(i). Let m(l) = -3*l**2 - 5*l + 5*l**2 - o*l**3 + 9*l**3 + 4*l. Give m(1).
7
Let n(y) be the third derivative of y**7/720 - y**5/6 - 7*y**2. Let c(o) be the third derivative of n(o). What is c(-1)?
-7
Suppose -5 = 6*y - 143. Let c = y + -25. Let b(f) = 4*f**2 + 1. What is b(c)?
17
Let q = -93 + 93. Let n(a) = -a + 12. Determine n(q).
12
Let z(o) = 4*o**2 - 2*o - 1. Suppose x - 3*f = 8, 1 = -3*x + f + 9. Determine z(x).
11
Let w = -44 - -44. Suppose w = -5*x + 4*x - 3. Let p(j) = -3*j + 4. Determine p(x).
13
Let r(h) = -6*h**2 + 6*h + 5. Let d(f) be the second derivative of 7*f**4/12 - f**3 - 2*f**2 + 47*f. Let t(l) = 5*d(l) + 6*r(l). Give t(9).
-17
Let f(q) = q**3 - q**2. Let r be f(1). Let i(h) = -h - 8. Let l(v) = 1. Let y(k) = -2. Let c(o) = -5*l(o) - 2*y(o). Let d(t) = -2*c(t) + i(t). Give d(r).
-6
Let o(c) = -9*c. Let a(t) = 5*t - 66. Let m be a(12). Let k(w) = -17*w. Let u(x) = m*k(x) + 13*o(x). Give u(-1).
15
Let j(d) = d**3 - 3*d**2 - 2*d. Let t(x) = x + 10. Let s = -27 + 12. Let i = s + 8. Let o be t(i). Determine j(o).
-6
Let w(g) = g**3 + 4*g**2 + g + 4. Suppose -14 = -2*p + 5*o, -2*p + 6 = 5*o - 6*o. Suppose -2 = 2*b + j, 4*b - p*b + 10 = j. What is w(b)?
10
Let x(n) = -6*n**2 - 4*n - 14. Let o(k) = 2*k**2 + k + 5. Let s(u) = -2*u**3 - u + 4. Let t be s(2). Let i(l) = t*o(l) - 5*x(l). Determine i(-4).
8
Let q(p) = -2*p - 2. Let c be q(-4). Let u(x) = 3*x**2 - 7*x + 2. Let k(w) = 2*w**2 - 5*w + 1. Let i(r) = 8*k(r) - 5*u(r). Determine i(c).
4
Suppose 5*r - 20 = r + 5*y, -y = -r + 6. Let o be 5*(16/24)/(r/(-6)). Let x(z) = -3*z**2 + 2*z + 1. What is x(o)?
-15
Let c(l) = -10*l**2 + 232*l - 50. Let z be c(23). Let k(q) = -4 + 3*q - 5*q - 1. Give k(z).
3
Let l(q) = q**3 - 7*q**2 + 7*q - 1. Suppose 8*x = 25 + 23. Determine l(x).
5
Let k(t) = -5*t**2 + 1. Let n(w) = -2*w**2 - 52*w + 53. Let a be n(-27). What is k(a)?
-4
Let q(o) be the first derivative of 1/3*o**3 + 9*o + 5 - o**2. Let s(r) be the first derivative of q(r). Determine s(4).
6
Let d(p) be the second derivative of -p**4/12 - p**3/2 - p**2 - 5*p + 5. What is d(-2)?
0
Let l(r) = r**2 + 1. Let o = -261 - -259. Give l(o).
5
Suppose -36 = -3*z - 141. Let l = z - -60. Suppose 0 = -3*j + 5*b + 15, -b = 5*j - 2*b - l. Let k(h) = h**2 - 6*h - 7. What is k(j)?
-12
Let o be (8/(-32))/(1/(-3 - 1)). Let j(a) = -5*a**2 + a - 2. What is j(o)?
-6
Let y(u) = -u**2 - 14*u - 33. Let t be y(-9). Let i(s) = -22*s - t*s + 3 - 12*s + 47*s. What is i(7)?
10
Let n(k) = -k + 24. Let o be n(18). Let d(j) = 3*j + 2. What is d(o)?
20
Let w(z) = 3*z**2 + 3 - 5*z**2 - 7*z - z**2 + 4*z**2. Let b = 5 - 9. Let n be 5 + (2 - b/(-2)). Calculate w(n).
-7
Suppose 32 + 3 = -7*b. Let f(i) = -i**2 - 7*i - 4. Let j be f(b). Let o(s) = s**2 - 4*s - 7. Determine o(j).
5
Let b(o) be the first derivative of o**6/360 - o**5/120 + o**4/24 - 12*o**3 + 18. Let r(c) be the third derivative of b(c). What is r(-2)?
7
Let w(k) = 20*k - 21*k + 2480 - 2485. Determine w(2).
-7
Let v(c) = 4*c + 13. Let z be v(-4). Let y(b) be the second derivative of b**5/20 + 5*b**4/12 + 2*b**3/3 - b**2/2 - 2*b. What is y(z)?
5
Let j(z) be the second derivative of -z**8/6720 - z**7/630 + z**6/144 + z**5/30 - 13*z**4/12 + 14*z. Let f(a) be the third derivative of j(a). Calculate f(-5).
4
Let s = 11 + -144. Let v be (-1)/(14/s + (-39)/(-190)). Let u(d) = -d**3 - 10*d**2 + d + 8. Calculate u(v).
-2
Let f(x) = -x**2 - 4*x + 3. Let a(l) = -l**2. Let d be a(-6). Let s = -23 - d. Suppose 0 = 4*n + 5*r + 11, -2*n + 7*r = 2*r + s. Give f(n).
3
Let y(o) be the first derivative of 2*o**3/3 - 9*o**2/2 + 10*o + 347. Determine y(4).
6
Let a = 2 + 22. Suppose -3 = 27*f - a*f. Let m(i) = -5*i + 1. Calculate m(f).
6
Let u(s) = 3*s - 15. Let p = -173 - -179. Determine u(p).
3
Let b(n) = 3*n**2 - 4*n - 4*n**2 - 1 - 3. Suppose 2*w = -2*w + 28. Let u be 4/(-30) + (903/(-45))/w. Determine b(u).
-1
Let z = -84 - -82. Let l(o) = o + 4. Calculate l(z).
2
Let h be 133/56 - (-5)/((-160)/12). Let b(f) = 19*f - 3. Give b(h).
35
Let o(y) = -y**2 - 14*y - 17. Let l(j) = -j - 2. Let v(f) = -4*l(f) + o(f). Calculate v(-9).
0
Suppose -12 = 13*a - 14*a. Let t(y) = 3 - 10*y + 28*y**2 - 15*y**2 - a*y**2 + 6. Calculate t(8).
-7
Let n(a) = a - 3. Suppose 61*y + 2 = 62*y. Let w be n(y). Let u(x) = 12*x. Determine u(w).
-12
Let n(q) = -8*q - 67. Let z be n(-9). Let r(j) be the second derivative of 1/20*j**5 - 7*j + 0 + z*j**2 - 1/6*j**3 + 0*j**4. Determine r(0).
10
Let w(s) = -s**2 + 6*s + 38. Let d be w(0). Suppose 36*l = d*l - 16. Let b(g) = g**2 - 6*g - 6. Calculate b(l).
10
Let q(k) = k**2 + k + 3. Let g be -1 + 28 - (-6 - -7). Let i = -16 + g. Let l be (-8 + i)*(-6)/4. Give q(l).
9
Let p(t) = -t - 1. Let m = 406 - 409. Calculate p(m).
2
Suppose 0 - 3 = 3*i. Let h(a) be the first derivative of -9*a**5/20 - a**4/12 - 8*a + 7. Let k(t) be the first derivative of h(t). Calculate k(i).
8
Let b(w) = 2*w + 6. Let m be b(7). Let s = 24 - m. Let l be -2 + 3 + -2 + s. Let o(h) = -h**3 + 3*h**2 - 4. Calculate o(l).
-4
Let x(d) = d**3 + 7*d**2 + 5*d + 9. Suppose -3*o - 95 = -77. Calculate x(o).
15
Let v = -35 + 35. Suppose -4*d - 14 = r, -r - d = -v - 1. Let l(h) = -h**2 + 5*h + 1. Determine l(r).
-5
Let l(k) be the second derivative of -k**8/6720 - k**5/24 - 23*k**4/12 + 7*k. Let m(d) be the third derivative of l(d). Give m(0).
-5
Let o(x) = -x. Let q(n) = -6*n. Let k(m) = 11*o(m) - 2*q(m). Give k(-4).
-4
Let t(v) = -3*v + 27. Let q be t(8). Suppose 4*c + q = -17. Let a(n) = -n + 2. What is a(c)?
7
Let z(q) = -7*q**2 + 6*q + 1. Let f(r) = r**2 - r. Let b(l) = 6*f(l) + z(l). Let o(i) = -2*i**3 - i - 5. Let n(g) = 3*b(g) + o(g). What is n(-2)?
4
Let o(t) = -t**2 - t - 1. Let g(p) = -9*p**2 - 7*p - 8. Let a(m) = g(m) - 6*o(m). Let w(r) = 7*r**2 + 2*r + 3. Let d(f) = 5*a(f) + 3*w(f). What is d(1)?
6
Suppose 3*z + 5*w = 2*w + 24, -10 = 5*z - 5*w. Suppose 0 = 3*m + 2*m - y - 35, -z*m - y + 13 = 0. Let d(b) = b**3 - 5*b**2 - 4*b - 7. Calculate d(m).
5
Let n = 2 - -2. Let q(o) = o + 8. Let k be q(-4). Let t(r) = 0 - 7 + 6*r - r - k*r. Determine t(n).
-3
Let u(y) = 2*y**2 - 14*y - 5. Let a be u(10). Suppose 0 = -6*x + 11*x - a. Let n be x/2 - 4/(-8). Let f(j) = j**2 - 5*j + 6. What is f(n)?
12
Let b(i) = -i - 1. Let t be b(-4). Let r = 7 - t. Let g(m) be the third derivative of m**5/60 - m**4/8 - 5*m**3/6 + 17*m**2. Determine g(r).
-1
Let y = -7 + 9. Let h be (-286)/(-65) - (-2)/(-5). Let m(c) = -6*c + 2*c + h*c - c - y. Determine m(-6).
4
Suppose a - 3*a - 2*c = -12, a + 4 = c. Let h(r) = -16*r + 9*r + 6*r - a. Let p be 5/(1 + 0 + 0). Give h(p).
-6
Suppose -2*p + 3*p = -60. Let k = p - -35. Let x = -22 - k. Let c(s) = 2*s + 3. Determine c(x).
9
Suppose 10 = 5*d, -3*c + d = 2*c - 13. Suppose 0 = c*v + v + l + 12, 5*v = 5*l + 10. Let m(p) = -3*p + 1. Determine m(v).
7
Let v(l) be the first derivative of l**3 + 3*l**2/2 - 3*l - 10. Suppose 0 = 8*w + 7 + 17. Give v(w).
15
Suppose -3*x + g = -11,